re the prime factors of 388?
2, 97
What are the prime factors of 13542?
2, 3, 37, 61
List the prime factors of 6467.
29, 223
List the prime factors of 929.
929
What are the prime factors of 599?
599
What are the prime factors of 22166?
2, 11083
List the prime factors of 10241.
7, 11, 19
List the prime factors of 112510.
2, 5, 11251
What are the prime factors of 16941?
3, 5647
List the prime factors of 38570.
2, 5, 7, 19, 29
List the prime factors of 29035.
5, 5807
What are the prime factors of 276?
2, 3, 23
What are the prime factors of 687?
3, 229
List the prime factors of 63049.
7, 9007
List the prime factors of 43552.
2, 1361
List the prime factors of 15964.
2, 13, 307
What are the prime factors of 20197?
19, 1063
What are the prime factors of 3799?
29, 131
List the prime factors of 6042.
2, 3, 19, 53
List the prime factors of 169405.
5, 17, 1993
What are the prime factors of 993?
3, 331
List the prime factors of 3666.
2, 3, 13, 47
What are the prime factors of 826?
2, 7, 59
List the prime factors of 4948.
2, 1237
List the prime factors of 64593.
3, 7177
List the prime factors of 295.
5, 59
List the prime factors of 16260.
2, 3, 5, 271
List the prime factors of 167211.
3, 11, 563
What are the prime factors of 6792?
2, 3, 283
List the prime factors of 9981.
3, 1109
List the prime factors of 224.
2, 7
What are the prime factors of 3498?
2, 3, 11, 53
List the prime factors of 5102.
2, 2551
List the prime factors of 11720.
2, 5, 293
List the prime factors of 166.
2, 83
List the prime factors of 57096.
2, 3, 13, 61
What are the prime factors of 2187?
3
List the prime factors of 342.
2, 3, 19
List the prime factors of 10392.
2, 3, 433
List the prime factors of 5761.
7, 823
What are the prime factors of 110379?
3, 36793
List the prime factors of 436.
2, 109
List the prime factors of 860.
2, 5, 43
List the prime factors of 209.
11, 19
List the prime factors of 301.
7, 43
List the prime factors of 3319.
3319
What are the prime factors of 20916?
2, 3, 7, 83
List the prime factors of 39576.
2, 3, 17, 97
List the prime factors of 25070.
2, 5, 23, 109
What are the prime factors of 1377?
3, 17
What are the prime factors of 34182?
2, 3, 211
List the prime factors of 145058.
2, 29, 41, 61
List the prime factors of 4332.
2, 3, 19
What are the prime factors of 20665?
5, 4133
What are the prime factors of 3289?
11, 13, 23
List the prime factors of 1521.
3, 13
What are the prime factors of 1265?
5, 11, 23
What are the prime factors of 5340?
2, 3, 5, 89
List the prime factors of 1939.
7, 277
What are the prime factors of 4144?
2, 7, 37
List the prime factors of 16701.
3, 19, 293
List the prime factors of 3617.
3617
What are the prime factors of 1476?
2, 3, 41
List the prime factors of 17390.
2, 5, 37, 47
List the prime factors of 15413.
15413
List the prime factors of 853.
853
List the prime factors of 7179.
3, 2393
List the prime factors of 2192.
2, 137
List the prime factors of 13481.
13, 17, 61
List the prime factors of 883.
883
List the prime factors of 37054.
2, 97, 191
List the prime factors of 3205.
5, 641
List the prime factors of 13931.
13931
List the prime factors of 28077.
3, 7, 191
What are the prime factors of 77779?
13, 31, 193
List the prime factors of 659.
659
List the prime factors of 10175.
5, 11, 37
What are the prime factors of 1262?
2, 631
List the prime factors of 32635.
5, 61, 107
List the prime factors of 132578.
2, 151, 439
List the prime factors of 2445.
3, 5, 163
What are the prime factors of 37881?
3, 23, 61
List the prime factors of 1148.
2, 7, 41
List the prime factors of 724.
2, 181
List the prime factors of 303.
3, 101
What are the prime factors of 1844?
2, 461
What are the prime factors of 14906?
2, 29, 257
List the prime factors of 68072.
2, 67, 127
What are the prime factors of 50490?
2, 3, 5, 11, 17
What are the prime factors of 37980?
2, 3, 5, 211
What are the prime factors of 120047?
120047
List the prime factors of 3989.
3989
List the prime factors of 69437.
23, 3019
What are the prime factors of 42128?
2, 2633
List the prime factors of 3382.
2, 19, 89
What are the prime factors of 2073?
3, 691
What are the prime factors of 22045?
5, 4409
What are the prime factors of 6952?
2, 11, 79
What are the prime factors of 35414?
2, 17707
What are the prime factors of 37658?
2, 19, 991
List the prime factors of 206697.
3, 68899
List the prime factors of 29448.
2, 3, 409
List the prime factors of 6026.
2, 23, 131
What are the prime factors of 7046?
2, 13, 271
What are the prime factors of 125697?
3, 11, 13, 293
List the prime factors of 5637.
3, 1879
List the prime factors of 20187.
3, 2243
What are the prime factors of 375?
3, 5
List the prime factors of 12681.
3, 1409
List the prime factors of 1946.
2, 7, 139
What are the prime factors of 104595?
3, 5, 19, 367
List the prime factors of 22.
2, 11
What are the prime factors of 9679?
9679
List the prime factors of 82531.
82531
List the prime factors of 1807.
13, 139
What are the prime factors of 511?
7, 73
What are the prime factors of 35744?
2, 1117
What are the prime factors of 377?
13, 29
List the prime factors of 1264.
2, 79
List the prime factors of 3763.
53, 71
What are the prime factors of 6046?
2, 3023
List the prime factors of 501.
3, 167
List the prime factors of 13480.
2, 5, 337
List the prime factors of 6162.
2, 3, 13, 79
List the prime factors of 336.
2, 3, 7
What are the prime factors of 49788?
2, 3, 461
List the prime factors of 36140.
2, 5, 13, 139
What are the prime factors of 23015?
5, 4603
What are the prime factors of 1840?
2, 5, 23
What are the prime factors of 59480?
2, 5, 1487
What are the prime factors of 3728?
2, 233
What are the prime factors of 13486?
2, 11, 613
What are the prime factors of 23865?
3, 5, 37, 43
List the prime factors of 56216.
2, 7027
List the prime factors of 47087.
47087
List the prime factors of 2753.
2753
What are the prime factors of 6031?
37, 163
List the prime factors of 78419.
11, 7129
List the prime factors of 2150.
2, 5, 43
What are the prime factors of 13095?
3, 5, 97
List the prime factors of 769.
769
What are the prime factors of 75018?
2, 3, 12503
List the prime factors of 10111.
10111
What are the prime factors of 1388?
2, 347
List the prime factors of 62016.
2, 3, 17, 19
What are the prime factors of 8869?
7, 181
List the prime factors of 7307.
7307
What are the prime factors of 1431?
3, 53
What are the prime factors of 369?
3, 41
What are the prime factors of 39363?
3, 13121
List the prime factors of 3910.
2, 5, 17, 23
List the prime factors of 1087.
1087
List the prime factors of 172496.
2, 10781
What are the prime factors of 7102?
2, 53, 67
List the prime factors of 110632.
2, 13829
What are the prime factors of 2213?
2213
What are the prime factors of 282?
2, 3, 47
List the prime factors of 6350.
2, 5, 127
List the prime factors of 980.
2, 5, 7
What are the prime factors of 40492?
2, 53, 191
What are the prime factors of 54464?
2, 23, 37
What are the prime factors of 131711?
131711
What are the prime factors of 8522?
2, 4261
List the prime factors of 106374.
2, 3, 17729
What are the prime factors of 3541?
3541
What are the prime factors of 3852?
2, 3, 107
List the prime factors of 15832.
2, 1979
What are the prime factors of 1834?
2, 7, 131
List the prime factors of 9441.
3, 1049
List the prime factors of 3488.
2, 109
List the prime factors of 2785.
5, 557
What are the prime factors of 36747?
3, 1361
What are the prime factors of 180?
2, 3, 5
What are the prime factors of 4079?
4079
What are the prime factors of 20358?
2, 3, 13, 29
List the prime factors of 6697.
37, 181
List the prime factors of 13595.
5, 2719
What are the prime factors of 917?
7, 131
What are the prime factors of 1814?
2, 907
What are the prime factors of 1459?
1459
What are the prime factors of 15361?
15361
List the prime factors of 10951.
47, 233
What are the prime factors of 30295?
5, 73, 83
List the prime factors of 33622.
2, 16811
What are the prime factors of 1014?
2, 3, 13
List the prime factors of 3946.
2, 1973
List the prime factors of 439.
439
List the prime factors of 917.
7, 131
What are the prime factors of 189310?
2, 5, 11, 1721
What are the prime factors of 310?
2, 5, 31
List the prime factors of 10253.
10253
What are the prime facto